{"id":15510,"date":"2020-11-11T13:35:20","date_gmt":"2020-11-11T12:35:20","guid":{"rendered":"http:\/\/katrinmengen.de\/?page_id=15510"},"modified":"2023-01-05T18:04:32","modified_gmt":"2023-01-05T17:04:32","slug":"impressum","status":"publish","type":"page","link":"https:\/\/katrinmengen.de\/index.php\/impressum\/","title":{"rendered":"Impressum"},"content":{"rendered":"<p>[vc_row css_animation=&#8220;&#8220; row_type=&#8220;row&#8220; use_row_as_full_screen_section=&#8220;no&#8220; type=&#8220;grid&#8220; angled_section=&#8220;no&#8220; text_align=&#8220;left&#8220; background_image_as_pattern=&#8220;without_pattern&#8220; z_index=&#8220;&#8220;][vc_column][vc_column_text]<\/p>\n<p>&nbsp;<\/p>\n<p>&nbsp;<\/p>\n<p>&nbsp;<\/p>\n<p>&nbsp;<\/p>\n<p><strong>Impressum<\/strong><\/p>\n<p>Angaben gem\u00e4\u00df \u00a7 5 TMG:<br \/>\nKatrin Mengen<br \/>\nH\u00f6rn 6<br \/>\n24220 Flintbek<\/p>\n<p>Kontakt<br \/>\nTelefon: (01 78) 4 89 80 10<br \/>\nE-Mail: mail@katrin-mengen.de<\/p>\n<p>Redaktionell verantwortlich<br \/>\nKatrin Mengen<\/p>\n<p>Verbraucher\u00adstreit\u00adbeilegung\/Universal\u00adschlichtungs\u00adstelle<br \/>\nWir sind nicht bereit oder verpflichtet, an Streitbeilegungsverfahren vor einer Verbraucherschlichtungsstelle teilzunehmen.<\/p>\n<p>Umsatzsteuer-Identifikationsnummer gem\u00e4\u00df \u00a76 27 a Umsatzsteuergesetz: DE333430995<br class=\"\" \/><br class=\"\" \/>Copyright<br class=\"\" \/>Alle auf unseren Webseiten gezeigten Bilder und Texte sind urheberrechtlich gesch\u00fctzt. Jede Form der weiteren Nutzung und\/oder Ver\u00f6ffentlichung inkl. des direkten Verlinkens von einzelnen Bildern oder das Einblenden von Seiten in Frames, ist nur mit schriftlicher Genehmigung durch Katrin Mengen gestattet und in der Regel honorarpflichtig.<br class=\"\" \/><br class=\"\" \/>Links<br class=\"\" \/>Wir \u00fcbernehmen keine Haftung f\u00fcr die Inhalte externer Links. F\u00fcr den Inhalt der verlinkten Seiten sind ausschliesslich deren Betreiber verantwortlich. Alle Informationen auf den Seiten wurden sorgf\u00e4ltig zusammengestellt und gepr\u00fcft. Dennoch k\u00f6nnen Fehler nicht ausgeschlossen werden. Der Betreiber der Seiten haftet nicht f\u00fcr Sch\u00e4den aller Art, die durch fehlerhafte Informationen entstanden sind.[\/vc_column_text][\/vc_column][\/vc_row]<\/p>\n","protected":false},"excerpt":{"rendered":"<p>[vc_row css_animation=&#8220;&#8220; row_type=&#8220;row&#8220; use_row_as_full_screen_section=&#8220;no&#8220; type=&#8220;grid&#8220; angled_section=&#8220;no&#8220; text_align=&#8220;left&#8220; background_image_as_pattern=&#8220;without_pattern&#8220; z_index=&#8220;&#8220;][vc_column][vc_column_text] &nbsp; &nbsp; &nbsp; &nbsp; Impressum Angaben gem\u00e4\u00df \u00a7 5 TMG: Katrin Mengen H\u00f6rn 6 24220 Flintbek Kontakt Telefon: (01 78) 4 89 80 10 E-Mail: mail@katrin-mengen.de Redaktionell verantwortlich Katrin Mengen Verbraucher\u00adstreit\u00adbeilegung\/Universal\u00adschlichtungs\u00adstelle Wir sind nicht bereit oder&#8230;<\/p>\n","protected":false},"author":2,"featured_media":0,"parent":0,"menu_order":0,"comment_status":"open","ping_status":"closed","template":"full_width.php","meta":[],"yoast_head":"<!-- This site is optimized with the Yoast SEO plugin v19.14 - https:\/\/yoast.com\/wordpress\/plugins\/seo\/ -->\n<title>Impressum - katrinmengen.de<\/title>\n<meta name=\"robots\" content=\"index, follow, max-snippet:-1, max-image-preview:large, max-video-preview:-1\" \/>\n<link rel=\"canonical\" href=\"https:\/\/katrinmengen.de\/index.php\/impressum\/\" \/>\n<meta property=\"og:locale\" content=\"de_DE\" \/>\n<meta property=\"og:type\" content=\"article\" \/>\n<meta property=\"og:title\" content=\"Impressum - katrinmengen.de\" \/>\n<meta property=\"og:description\" content=\"[vc_row css_animation=&#8220;&#8220; row_type=&#8220;row&#8220; use_row_as_full_screen_section=&#8220;no&#8220; type=&#8220;grid&#8220; angled_section=&#8220;no&#8220; text_align=&#8220;left&#8220; background_image_as_pattern=&#8220;without_pattern&#8220; z_index=&#8220;&#8220;][vc_column][vc_column_text] &nbsp; &nbsp; &nbsp; &nbsp; Impressum Angaben gem\u00e4\u00df \u00a7 5 TMG: Katrin Mengen H\u00f6rn 6 24220 Flintbek Kontakt Telefon: (01 78) 4 89 80 10 E-Mail: mail@katrin-mengen.de Redaktionell verantwortlich Katrin Mengen Verbraucher\u00adstreit\u00adbeilegung\/Universal\u00adschlichtungs\u00adstelle Wir sind nicht bereit oder...\" \/>\n<meta property=\"og:url\" content=\"https:\/\/katrinmengen.de\/index.php\/impressum\/\" \/>\n<meta property=\"og:site_name\" content=\"katrinmengen.de\" \/>\n<meta property=\"article:modified_time\" content=\"2023-01-05T17:04:32+00:00\" \/>\n<meta name=\"twitter:card\" content=\"summary_large_image\" \/>\n<meta name=\"twitter:label1\" content=\"Gesch\u00e4tzte Lesezeit\" \/>\n\t<meta name=\"twitter:data1\" content=\"1\u00a0Minute\" \/>\n<script type=\"application\/ld+json\" class=\"yoast-schema-graph\">{\"@context\":\"https:\/\/schema.org\",\"@graph\":[{\"@type\":\"WebPage\",\"@id\":\"https:\/\/katrinmengen.de\/index.php\/impressum\/\",\"url\":\"https:\/\/katrinmengen.de\/index.php\/impressum\/\",\"name\":\"Impressum - katrinmengen.de\",\"isPartOf\":{\"@id\":\"https:\/\/katrinmengen.de\/#website\"},\"datePublished\":\"2020-11-11T12:35:20+00:00\",\"dateModified\":\"2023-01-05T17:04:32+00:00\",\"breadcrumb\":{\"@id\":\"https:\/\/katrinmengen.de\/index.php\/impressum\/#breadcrumb\"},\"inLanguage\":\"de\",\"potentialAction\":[{\"@type\":\"ReadAction\",\"target\":[\"https:\/\/katrinmengen.de\/index.php\/impressum\/\"]}]},{\"@type\":\"BreadcrumbList\",\"@id\":\"https:\/\/katrinmengen.de\/index.php\/impressum\/#breadcrumb\",\"itemListElement\":[{\"@type\":\"ListItem\",\"position\":1,\"name\":\"Startseite\",\"item\":\"https:\/\/katrinmengen.de\/\"},{\"@type\":\"ListItem\",\"position\":2,\"name\":\"Impressum\"}]},{\"@type\":\"WebSite\",\"@id\":\"https:\/\/katrinmengen.de\/#website\",\"url\":\"https:\/\/katrinmengen.de\/\",\"name\":\"katrinmengen.de\",\"description\":\"\",\"potentialAction\":[{\"@type\":\"SearchAction\",\"target\":{\"@type\":\"EntryPoint\",\"urlTemplate\":\"https:\/\/katrinmengen.de\/?s={search_term_string}\"},\"query-input\":\"required name=search_term_string\"}],\"inLanguage\":\"de\"}]}<\/script>\n<!-- \/ Yoast SEO plugin. -->","yoast_head_json":{"title":"Impressum - katrinmengen.de","robots":{"index":"index","follow":"follow","max-snippet":"max-snippet:-1","max-image-preview":"max-image-preview:large","max-video-preview":"max-video-preview:-1"},"canonical":"https:\/\/katrinmengen.de\/index.php\/impressum\/","og_locale":"de_DE","og_type":"article","og_title":"Impressum - katrinmengen.de","og_description":"[vc_row css_animation=&#8220;&#8220; row_type=&#8220;row&#8220; use_row_as_full_screen_section=&#8220;no&#8220; type=&#8220;grid&#8220; angled_section=&#8220;no&#8220; text_align=&#8220;left&#8220; background_image_as_pattern=&#8220;without_pattern&#8220; z_index=&#8220;&#8220;][vc_column][vc_column_text] &nbsp; &nbsp; &nbsp; &nbsp; Impressum Angaben gem\u00e4\u00df \u00a7 5 TMG: Katrin Mengen H\u00f6rn 6 24220 Flintbek Kontakt Telefon: (01 78) 4 89 80 10 E-Mail: mail@katrin-mengen.de Redaktionell verantwortlich Katrin Mengen Verbraucher\u00adstreit\u00adbeilegung\/Universal\u00adschlichtungs\u00adstelle Wir sind nicht bereit oder...","og_url":"https:\/\/katrinmengen.de\/index.php\/impressum\/","og_site_name":"katrinmengen.de","article_modified_time":"2023-01-05T17:04:32+00:00","twitter_card":"summary_large_image","twitter_misc":{"Gesch\u00e4tzte Lesezeit":"1\u00a0Minute"},"schema":{"@context":"https:\/\/schema.org","@graph":[{"@type":"WebPage","@id":"https:\/\/katrinmengen.de\/index.php\/impressum\/","url":"https:\/\/katrinmengen.de\/index.php\/impressum\/","name":"Impressum - katrinmengen.de","isPartOf":{"@id":"https:\/\/katrinmengen.de\/#website"},"datePublished":"2020-11-11T12:35:20+00:00","dateModified":"2023-01-05T17:04:32+00:00","breadcrumb":{"@id":"https:\/\/katrinmengen.de\/index.php\/impressum\/#breadcrumb"},"inLanguage":"de","potentialAction":[{"@type":"ReadAction","target":["https:\/\/katrinmengen.de\/index.php\/impressum\/"]}]},{"@type":"BreadcrumbList","@id":"https:\/\/katrinmengen.de\/index.php\/impressum\/#breadcrumb","itemListElement":[{"@type":"ListItem","position":1,"name":"Startseite","item":"https:\/\/katrinmengen.de\/"},{"@type":"ListItem","position":2,"name":"Impressum"}]},{"@type":"WebSite","@id":"https:\/\/katrinmengen.de\/#website","url":"https:\/\/katrinmengen.de\/","name":"katrinmengen.de","description":"","potentialAction":[{"@type":"SearchAction","target":{"@type":"EntryPoint","urlTemplate":"https:\/\/katrinmengen.de\/?s={search_term_string}"},"query-input":"required name=search_term_string"}],"inLanguage":"de"}]}},"_links":{"self":[{"href":"https:\/\/katrinmengen.de\/index.php\/wp-json\/wp\/v2\/pages\/15510"}],"collection":[{"href":"https:\/\/katrinmengen.de\/index.php\/wp-json\/wp\/v2\/pages"}],"about":[{"href":"https:\/\/katrinmengen.de\/index.php\/wp-json\/wp\/v2\/types\/page"}],"author":[{"embeddable":true,"href":"https:\/\/katrinmengen.de\/index.php\/wp-json\/wp\/v2\/users\/2"}],"replies":[{"embeddable":true,"href":"https:\/\/katrinmengen.de\/index.php\/wp-json\/wp\/v2\/comments?post=15510"}],"version-history":[{"count":10,"href":"https:\/\/katrinmengen.de\/index.php\/wp-json\/wp\/v2\/pages\/15510\/revisions"}],"predecessor-version":[{"id":15831,"href":"https:\/\/katrinmengen.de\/index.php\/wp-json\/wp\/v2\/pages\/15510\/revisions\/15831"}],"wp:attachment":[{"href":"https:\/\/katrinmengen.de\/index.php\/wp-json\/wp\/v2\/media?parent=15510"}],"curies":[{"name":"wp","href":"https:\/\/api.w.org\/{rel}","templated":true}]}}